ctor of 111 and 999.
111
What is the greatest common divisor of 22605 and 66?
33
Calculate the greatest common factor of 3330 and 36.
18
Calculate the greatest common factor of 168 and 147.
21
What is the greatest common divisor of 558 and 108?
18
What is the highest common factor of 225 and 195?
15
What is the greatest common factor of 1840 and 160?
80
What is the greatest common divisor of 2200 and 8?
8
Calculate the highest common divisor of 360 and 17190.
90
Calculate the greatest common divisor of 64 and 6192.
16
Calculate the highest common factor of 575 and 805.
115
What is the highest common factor of 1160 and 40?
40
Calculate the greatest common divisor of 1708 and 63.
7
What is the highest common factor of 429 and 117?
39
Calculate the highest common divisor of 465 and 19685.
155
Calculate the greatest common factor of 90 and 23850.
90
What is the highest common factor of 16 and 14?
2
Calculate the highest common divisor of 21 and 75.
3
What is the highest common divisor of 38631 and 489?
489
What is the highest common factor of 145 and 75?
5
Calculate the greatest common factor of 279 and 27.
9
What is the greatest common divisor of 1925 and 693?
77
Calculate the greatest common factor of 46 and 2.
2
Calculate the greatest common divisor of 7 and 2415.
7
Calculate the highest common divisor of 16534 and 14.
14
What is the highest common divisor of 3008 and 160?
32
Calculate the highest common factor of 20 and 140.
20
Calculate the highest common divisor of 8532 and 108.
108
What is the highest common factor of 207 and 46?
23
Calculate the greatest common factor of 7 and 189.
7
What is the greatest common factor of 36 and 252?
36
What is the highest common divisor of 1008 and 456?
24
What is the highest common factor of 44 and 407?
11
What is the greatest common factor of 57 and 133?
19
What is the greatest common divisor of 328 and 138744?
328
Calculate the greatest common divisor of 82 and 533.
41
Calculate the highest common factor of 156 and 264.
12
What is the greatest common divisor of 32558 and 292?
146
What is the highest common divisor of 2 and 1273?
1
What is the highest common factor of 3 and 10473?
3
Calculate the greatest common divisor of 605 and 1089.
121
Calculate the highest common divisor of 25 and 15.
5
What is the highest common factor of 23648 and 96?
32
What is the greatest common divisor of 46 and 207?
23
Calculate the highest common divisor of 714 and 1020.
102
Calculate the greatest common factor of 375 and 450.
75
Calculate the greatest common factor of 177 and 1829.
59
Calculate the greatest common divisor of 132 and 84.
12
Calculate the highest common factor of 144 and 1494.
18
What is the greatest common divisor of 210 and 140?
70
Calculate the greatest common divisor of 30 and 1086.
6
Calculate the highest common divisor of 244 and 4.
4
What is the greatest common divisor of 15 and 21?
3
Calculate the highest common divisor of 104 and 112.
8
What is the highest common divisor of 448 and 42?
14
What is the highest common divisor of 1702 and 74?
74
What is the greatest common divisor of 24 and 732?
12
Calculate the highest common divisor of 162 and 2214.
54
Calculate the highest common divisor of 24 and 2616.
24
Calculate the greatest common factor of 162 and 57.
3
Calculate the highest common factor of 84 and 1134.
42
Calculate the greatest common factor of 117 and 3172.
13
What is the greatest common factor of 404 and 4?
4
What is the highest common factor of 400 and 60?
20
Calculate the highest common factor of 54 and 4302.
18
Calculate the greatest common factor of 21 and 224.
7
What is the greatest common divisor of 10 and 250?
10
Calculate the greatest common factor of 54 and 12.
6
What is the highest common divisor of 59 and 649?
59
What is the highest common divisor of 8 and 88?
8
Calculate the highest common divisor of 495 and 90.
45
What is the highest common factor of 80 and 56?
8
What is the highest common factor of 126 and 1656?
18
What is the highest common divisor of 169 and 14?
1
What is the greatest common divisor of 5607 and 18?
9
Calculate the greatest common factor of 320 and 720.
80
What is the highest common divisor of 51 and 612?
51
What is the greatest common factor of 76 and 76?
76
What is the highest common factor of 73966 and 124?
62
What is the greatest common factor of 27 and 8397?
27
Calculate the highest common factor of 9198 and 73.
73
Calculate the greatest common divisor of 120 and 1480.
40
Calculate the highest common factor of 2601 and 1122.
51
What is the greatest common divisor of 40 and 800?
40
What is the highest common divisor of 35354 and 44?
22
What is the greatest common divisor of 179 and 9?
1
What is the greatest common factor of 165 and 30?
15
What is the greatest common divisor of 54 and 1152?
18
What is the highest common factor of 35 and 5978?
7
What is the highest common divisor of 2200 and 33?
11
What is the highest common divisor of 25 and 1?
1
Calculate the highest common factor of 450 and 72.
18
Calculate the highest common divisor of 943 and 23.
23
What is the highest common factor of 78 and 741?
39
What is the greatest common divisor of 114 and 627?
57
What is the greatest common factor of 4 and 392?
4
What is the highest common divisor of 416 and 52?
52
Calculate the greatest common divisor of 376 and 47.
47
Calculate the highest common divisor of 231 and 154.
77
What is the highest common divisor of 13 and 16081?
13
What is the greatest common factor of 665 and 190?
95
What is the highest common divisor of 25754 and 316?
158
What is the highest common divisor of 200 and 30?
10
What is the greatest common divisor of 2604 and 189?
21
Calculate the greatest common factor of 1305 and 290.
145
Calculate the greatest common divisor of 945 and 8694.
189
What is the greatest common factor of 24 and 384?
24
What is the greatest common divisor of 18 and 120?
6
Calculate the greatest common factor of 39 and 195.
39
Calculate the highest common divisor of 9020 and 220.
220
Calculate the highest common divisor of 25 and 225.
25
Calculate the highest common divisor of 39 and 1807.
13
What is the greatest common factor of 344 and 8?
8
What is the highest common factor of 84 and 24?
12
Calculate the highest common divisor of 36 and 456.
12
What is the greatest common divisor of 15 and 12?
3
What is the greatest common divisor of 396 and 5346?
198
What is the greatest common divisor of 280 and 35?
35
What is the highest common factor of 108 and 11358?
18
Calculate the greatest common factor of 243 and 216.
27
Calculate the greatest common factor of 8460 and 188.
188
What is the highest common factor of 95 and 55?
5
Calculate the highest common divisor of 248 and 3008.
8
What is the highest common factor of 18 and 1314?
18
Calculate the highest common factor of 5 and 835.
5
What is the greatest common factor of 418 and 38?
38
Calculate the highest common divisor of 12 and 48.
12
What is the greatest common factor of 8 and 44?
4
What is the greatest common factor of 3417 and 51?
51
Calculate the greatest common divisor of 3403 and 166.
83
Calculate the highest common divisor of 63 and 84.
21
What is the greatest common divisor of 14 and 147?
7
What is the highest common factor of 34 and 4318?
34
Calculate the highest common divisor of 32 and 80.
16
Calculate the greatest common divisor of 31 and 14849.
31
What is the highest common factor of 760 and 2888?
152
What is the highest common divisor of 180 and 10?
10
What is the greatest common divisor of 51 and 3587?
17
Calculate the highest common divisor of 28 and 868.
28
What is the highest common factor of 36 and 288?
36
Calculate the greatest common divisor of 52 and 442.
26
What is the highest common divisor of 10818 and 54?
18
What is the greatest common factor of 672 and 3192?
168
What is the greatest common factor of 8 and 424?
8
Calculate the greatest common factor of 1780 and 60.
20
Calculate the greatest common factor of 37 and 999.
37
Calculate the greatest common factor of 56 and 28952.
56
What is the greatest common factor of 48 and 644?
4
What is the greatest common factor of 1302 and 168?
42
What is the greatest common factor of 6498 and 1710?
342
Calculate the greatest common divisor of 203 and 7.
7